e remainder when 881 is divided by 68?
65
What is the remainder when 205 is divided by 35?
30
Calculate the remainder when 1006 is divided by 148.
118
Calculate the remainder when 939 is divided by 315.
309
What is the remainder when 356 is divided by 18?
14
What is the remainder when 605 is divided by 34?
27
What is the remainder when 93 is divided by 47?
46
What is the remainder when 152 is divided by 77?
75
Calculate the remainder when 393 is divided by 73.
28
Calculate the remainder when 226 is divided by 79.
68
What is the remainder when 409 is divided by 84?
73
What is the remainder when 357 is divided by 37?
24
What is the remainder when 753 is divided by 63?
60
Calculate the remainder when 6361 is divided by 26.
17
What is the remainder when 196 is divided by 14?
0
What is the remainder when 252 is divided by 56?
28
What is the remainder when 348 is divided by 71?
64
What is the remainder when 1387 is divided by 52?
35
Calculate the remainder when 2156 is divided by 1076.
4
What is the remainder when 130 is divided by 19?
16
Calculate the remainder when 36 is divided by 12.
0
Calculate the remainder when 12 is divided by 11.
1
What is the remainder when 167 is divided by 7?
6
What is the remainder when 1515 is divided by 23?
20
What is the remainder when 244 is divided by 51?
40
Calculate the remainder when 78 is divided by 41.
37
Calculate the remainder when 910 is divided by 95.
55
Calculate the remainder when 156 is divided by 72.
12
What is the remainder when 2953 is divided by 327?
10
Calculate the remainder when 1582 is divided by 72.
70
What is the remainder when 410 is divided by 138?
134
Calculate the remainder when 876 is divided by 52.
44
What is the remainder when 943 is divided by 207?
115
Calculate the remainder when 255 is divided by 65.
60
Calculate the remainder when 3345 is divided by 43.
34
Calculate the remainder when 20655 is divided by 33.
30
Calculate the remainder when 63 is divided by 5.
3
What is the remainder when 320 is divided by 54?
50
What is the remainder when 830 is divided by 15?
5
What is the remainder when 85 is divided by 18?
13
What is the remainder when 303 is divided by 51?
48
Calculate the remainder when 1113 is divided by 57.
30
Calculate the remainder when 302 is divided by 8.
6
Calculate the remainder when 25365 is divided by 28.
25
Calculate the remainder when 2600 is divided by 131.
111
Calculate the remainder when 460 is divided by 97.
72
What is the remainder when 351 is divided by 35?
1
What is the remainder when 725 is divided by 123?
110
What is the remainder when 86 is divided by 6?
2
Calculate the remainder when 5871 is divided by 70.
61
Calculate the remainder when 1873 is divided by 619.
16
Calculate the remainder when 211 is divided by 13.
3
Calculate the remainder when 433 is divided by 87.
85
Calculate the remainder when 175 is divided by 37.
27
What is the remainder when 375 is divided by 10?
5
What is the remainder when 101 is divided by 13?
10
Calculate the remainder when 491 is divided by 38.
35
Calculate the remainder when 2752 is divided by 145.
142
Calculate the remainder when 102 is divided by 42.
18
What is the remainder when 49303 is divided by 19?
17
What is the remainder when 191 is divided by 12?
11
Calculate the remainder when 3696 is divided by 368.
16
Calculate the remainder when 981 is divided by 142.
129
What is the remainder when 1934 is divided by 149?
146
What is the remainder when 67 is divided by 22?
1
Calculate the remainder when 1752 is divided by 294.
282
Calculate the remainder when 718 is divided by 9.
7
Calculate the remainder when 90 is divided by 5.
0
Calculate the remainder when 98 is divided by 34.
30
Calculate the remainder when 893 is divided by 14.
11
Calculate the remainder when 329 is divided by 111.
107
What is the remainder when 1574 is divided by 226?
218
Calculate the remainder when 1650 is divided by 29.
26
What is the remainder when 102 is divided by 11?
3
What is the remainder when 179 is divided by 103?
76
What is the remainder when 279 is divided by 54?
9
Calculate the remainder when 231 is divided by 78.
75
Calculate the remainder when 23 is divided by 17.
6
What is the remainder when 1119 is divided by 23?
15
Calculate the remainder when 266 is divided by 45.
41
What is the remainder when 522 is divided by 21?
18
Calculate the remainder when 201 is divided by 68.
65
What is the remainder when 149 is divided by 22?
17
What is the remainder when 24 is divided by 10?
4
Calculate the remainder when 13 is divided by 7.
6
What is the remainder when 1634 is divided by 14?
10
What is the remainder when 2854 is divided by 408?
406
What is the remainder when 238 is divided by 33?
7
What is the remainder when 40 is divided by 29?
11
What is the remainder when 39871 is divided by 224?
223
Calculate the remainder when 166 is divided by 20.
6
Calculate the remainder when 3586 is divided by 1792.
2
What is the remainder when 233 is divided by 37?
11
What is the remainder when 248 is divided by 67?
47
Calculate the remainder when 428 is divided by 221.
207
Calculate the remainder when 60 is divided by 32.
28
What is the remainder when 303 is divided by 18?
15
What is the remainder when 89 is divided by 25?
14
Calculate the remainder when 1612 is divided by 7.
2
What is the remainder when 3017 is divided by 39?
14
Calculate the remainder when 29 is divided by 14.
1
Calculate the remainder when 190 is divided by 18.
10
What is the remainder when 379 is divided by 20?
19
Calculate the remainder when 7471 is divided by 3.
1
Calculate the remainder when 487 is divided by 10.
7
What is the remainder when 423 is divided by 107?
102
What is the remainder when 573 is divided by 8?
5
Calculate the remainder when 608 is divided by 77.
69
What is the remainder when 403 is divided by 15?
13
Calculate the remainder when 1275 is divided by 424.
3
Calculate the remainder when 138 is divided by 10.
8
What is the remainder when 41515 is divided by 21?
19
Calculate the remainder when 255 is divided by 34.
17
Calculate the remainder when 555 is divided by 9.
6
What is the remainder when 9359 is divided by 151?
148
What is the remainder when 341 is divided by 324?
17
Calculate the remainder when 696 is divided by 5.
1
Calculate the remainder when 917 is divided by 102.
101
Calculate the remainder when 552 is divided by 18.
12
What is the remainder when 204 is divided by 120?
84
Calculate the remainder when 606 is divided by 19.
17
Calculate the remainder when 17 is divided by 12.
5
Calculate the remainder when 1581 is divided by 69.
63
Calculate the remainder when 675 is divided by 439.
236
What is the remainder when 107 is divided by 10?
7
What is the remainder when 3629 is divided by 1203?
20
Calculate the remainder when 10270 is divided by 43.
36
What is the remainder when 337 is divided by 26?
25
What is the remainder when 208 is divided by 106?
102
Calculate the remainder when 4583 is divided by 33.
29
What is the remainder when 312 is divided by 41?
25
Calculate the remainder when 425 is divided by 18.
11
Calculate the remainder when 283 is divided by 71.
70
Calculate the remainder when 524 is divided by 172.
8
Calculate the remainder when 44 is divided by 3.
2
What is the remainder when 194 is divided by 194?
0
Calculate the remainder when 317 is divided by 19.
13
Calculate the remainder when 277 is divided by 74.
55
What is the remainder when 2419 is divided by 45?
34
Calculate the remainder when 494 is divided by 241.
12
Calculate the remainder when 329 is divided by 153.
23
Calculate the remainder when 124 is divided by 61.
2
What is the remainder when 2187 is divided by 73?
70
What is the remainder when 41 is divided by 22?
19
Calculate the remainder when 1897 is divided by 50.
47
Calculate the remainder when 716 is divided by 60.
56
What is the remainder when 93 is divided by 50?
43
What is the remainder when 295 is divided by 80?
55
What is the remainder when 2506 is divided by 83?
16
Calculate the remainder when 195 is divided by 94.
7
Calculate the remainder when 42 is divided by 28.
14
Calculate the remainder when 205 is divided by 52.
49
What is the remainder when 68 is divided by 40?
28
What is the remainder when 259 is divided by 66?
61
Calcul